ivided by 7.
5
Suppose 210*h = 117232 + 98018. Calculate the remainder when h is divided by 114.
113
Let h(b) = -3 + 818*b**2 + 5 + 3 - 805*b**2 - 50*b. What is the remainder when h(9) is divided by 47?
44
Let g = 11078 - 11058. Suppose -2 = v - 76. What is the remainder when v is divided by g?
14
Suppose 5*f = -5*u + 130, 2*f + 3*u - 62 = -u. Let h = -16 + f. Suppose -96 = -11*p + h*p. Calculate the remainder when p is divided by 6.
4
Let k be (6/3)/(-1) + 5. Let l(v) = -20*v - 40. Let b(n) = -4*n - 8. Let i(o) = k*l(o) - 16*b(o). What is the remainder when 93 is divided by i(4)?
21
Suppose -28309 + 3831 = -15*w - 373. What is the remainder when w is divided by 29?
12
Let l be 2*(-15)/(-18)*3. Suppose 29 = l*c - 2*w, -w + 23 = 3*c - 5*w. Suppose c*b + 54 = 264. Calculate the remainder when b is divided by 15.
12
Suppose 734 = 10*u - 15*u + 2294. Calculate the remainder when u is divided by 15.
12
Let i = -22 + 31. Let y(u) = 7*u + 23 - 2*u + 0*u + 0*u. Calculate the remainder when y(i) is divided by 18.
14
Let p(t) = 2*t**2 - 8*t + 6. Let h(s) = -1090*s + 5641. Calculate the remainder when h(5) is divided by p(5).
15
Let d = -238 - -153. Suppose 67 = 3*i + 286. Let b = i - d. What is the remainder when 69 is divided by b?
9
Suppose 2*c + 3*b = 31 - 4, 0 = -5*c + b + 93. Suppose c*n - 4*n = 294. What is the remainder when 629 is divided by n?
20
Let h(u) = 2*u**2 - 37*u + 85. Let a be h(16). Let s(v) = 5*v + 1. Let b be s(2). What is the remainder when 39 is divided by (12/a)/(b/55)?
3
Let s = 14287 + -13948. Calculate the remainder when s is divided by 101.
36
Calculate the remainder when (1695/(-12))/((-35)/28) is divided by 23.
21
Let z = -8847 + 9060. Calculate the remainder when z is divided by 37.
28
Suppose -198*r + 11144 - 1244 = 0. What is the remainder when 224 is divided by r?
24
Suppose 78*m - 81*m + 108 = 0. Let h(u) = -u**3 - 11*u**2 - 6*u + 38. Let j be h(-10). Calculate the remainder when (-1)/((j/6)/(1896/m)) is divided by 16.
14
Suppose 0 = -16*d - 17*d + 3271 + 7850. What is the remainder when d is divided by 98?
43
Let j(k) = -k - 18. Let m be j(-25). Suppose -2*l - 4*c + 6 = 0, -m*l = -3*l + 4*c - 24. Calculate the remainder when 94 is divided by l.
4
Let y = -287 + -158. Let c = y - -762. What is the remainder when c is divided by 40?
37
Let h = -4003 + 4022. What is the remainder when 1860 is divided by h?
17
Let h(s) = s**2 - 14*s - 1215. Calculate the remainder when 541 is divided by h(43).
29
Let i(t) = -15*t + 49. Let s be i(5). Let c(k) = k**3 + 26*k**2 - k - 23. Calculate the remainder when 130/18 + 4/(-18) is divided by c(s).
1
Suppose -2*z + 65 = -0*z - 5*v, -v - 85 = -4*z. Let f be (-3)/5 - 788/z. Calculate the remainder when 57 is divided by 1 + (-117)/(-4) - (-10)/f.
27
Let t(k) be the first derivative of -k**3/3 - 12*k**2 + 52*k + 95. Calculate the remainder when t(-24) is divided by 18.
16
Let k(j) = 25*j**2 + 2. Suppose -4*a = 3*q + q - 44, -5*q = 2*a - 10. Suppose 2*c + a = -c - 3*u, 5*u + 19 = c. What is the remainder when k(c) is divided by 5?
2
Let f be (138897/(-22))/23 + (-3)/2. Let s = f + 284. Calculate the remainder when 35 is divided by s.
3
Let d = 719 + -555. Calculate the remainder when d is divided by 58.
48
Let f(l) = -7 + 295*l**2 - 289*l**2 + 0*l**3 - l - l**3. What is the remainder when 1*(-1 + 1 + 38) is divided by f(5)?
12
Calculate the remainder when 335 + (253/(-22) - -5)*(-4)/13 is divided by 25.
12
Calculate the remainder when 1115 is divided by (-27)/(-18)*((-112)/(-12) - 0).
9
Suppose -4*a = 27*a - 6*a - 2350. Suppose -55 = 6*w - 307. What is the remainder when a is divided by w?
10
Suppose -4*b + 1973 + 239 = 0. Let h = -331 + b. What is the remainder when h is divided by 25?
22
Let l(j) = 10*j + 59. Suppose -s - 252 = -4*g + 2*s, 2*g + 2*s = 112. What is the remainder when g is divided by l(-5)?
6
Let t(h) = 2*h**3 - 66*h**2 + 5*h + 437. Calculate the remainder when t(33) is divided by 127.
94
Suppose 116*a = 111*a + 190. Let y = -26 - -40. What is the remainder when a is divided by y?
10
Suppose 8*m + 2 = 258. Suppose -54*c + 53*c + m = 0. Let p(v) = v**2 - 21*v + 21. Calculate the remainder when p(24) is divided by c.
29
Suppose -3*v - 5*h + 126 = 0, 78*v - 83*v - 2*h + 210 = 0. Suppose -7*s - 501 = -10*s. Calculate the remainder when s is divided by v.
41
Let s(c) = c + 16. Let k be 5 + -5 + (-5 - -5). Calculate the remainder when 317 is divided by s(k).
13
Suppose 425 + 597 = 5*i + l, -2*l = -5*i + 1016. Let w = 287 - i. Calculate the remainder when w is divided by (17 - (-1 - -1)) + 0.
15
Let u(s) = s**3 + 7*s**2 - 5*s + 26. Let z be u(-8). What is the remainder when 0 - z - (-165)/(-10)*-2 is divided by 4?
3
Let f(d) = -2*d**2 - 180*d + 2389. What is the remainder when f(-96) is divided by 62?
59
Suppose 1560*m = 1566*m - 2748. What is the remainder when m is divided by 175?
108
Suppose 3*f + f - 4*x - 260 = 0, 0 = -4*f + 5*x + 264. Let h = f + -49. Suppose -2*r + 69 = -45. Calculate the remainder when r is divided by h.
9
What is the remainder when 169 is divided by (-8608)/(-256) - (-2)/(64/12)?
33
Let f = -110 - -141. Suppose -4*y = 3*t + 4, y + 2*t = 3*t - 1. What is the remainder when f is divided by (86/6 - 3) + y/3?
9
Let s = -11752 + 12375. What is the remainder when s is divided by 322?
301
Let k = 31 - 23. Suppose 16 = -2*o - 4*p, -o + 2*o - 5*p + k = 0. What is the remainder when 54 is divided by 28/10*(-1 - o - 2)?
12
Let t(o) = 19*o + 129. Let y be t(-7). Suppose -2*n = -n - 5, -2*r - 5*n = -129. What is the remainder when r is divided by 20*(-6)/(24/y)?
12
Let v = 859 + -850. Let i be 13 + (1 - 2)*-2. Let a = i + -13. What is the remainder when v is divided by a?
1
Let b = 7525 + -7284. Calculate the remainder when b is divided by 32.
17
Let i(r) = -2*r + 20. Let h be i(4). Suppose -2*g + 7 = -5*x - 21, 2*g - h = x. Let d(k) = 5*k + 11. What is the remainder when 119 is divided by d(g)?
26
Let v = 888 + -788. What is the remainder when 111 is divided by v?
11
Suppose 3*u = 2*o - 1270 + 1111, -o + 76 = -5*u. Calculate the remainder when 1371 is divided by o.
75
Let q(d) = d**3 + 8*d**2 + 4*d + 6. Let g be 7*(-1 + 0/(-6)). What is the remainder when 62 is divided by q(g)?
8
Suppose 7*w - 279 - 1541 = -3*w. Calculate the remainder when 633 is divided by w.
87
Let o(n) = -n**2 + n + 2. Let d be o(2). Suppose d = 2*a + h - 4, 3*a + 5*h + 1 + 0 = 0. Calculate the remainder when 9 is divided by 2 - (3 - 2 - a).
1
Suppose 2*n + 5171 = 5*o, -245*o + 5*n + 2081 = -243*o. Calculate the remainder when o is divided by 337.
22
Let b = 272612 - 272581. Suppose 0 = 5*d - 42 - 553. What is the remainder when d is divided by b?
26
Let p be 18/(-36)*(1 - 1). Suppose 0 = 2*q - 3*n - 128, p = 3*q + 2*q - 5*n - 320. Calculate the remainder when q is divided by 19.
7
Calculate the remainder when 617 is divided by (-5)/((3772/1264 + -3)*4).
64
Suppose 2*r = -4*d + 852, 42*r - 4*d = 41*r + 444. What is the remainder when r is divided by 58?
26
What is the remainder when 1449 is divided by 7*3 - (-157 - -133)?
9
Suppose 150*d = 157*d - 350. Let f(q) = -4*q**2 + 203*q - 102. What is the remainder when 175 is divided by f(d)?
31
Let a = -364 + 339. Suppose 2*d = -d + 96. Calculate the remainder when ((-685)/25 + 3)/(10/a) is divided by d.
29
Suppose -j = 2*r - 5*j - 72, -j - 123 = -3*r. What is the remainder when (-1708)/(-63)*3*(-15)/(-10) is divided by r?
38
Suppose n = 3*s - 0*s - 91, 4*s = 5*n + 136. Let l = s - -20. Let p(b) = -b - 6. Calculate the remainder when l is divided by p(-16).
9
Let n = 162 - -26. Let u(i) = -363*i**2 + 2192*i - 21. What is the remainder when n is divided by u(6)?
62
Let b = -4263 + 4340. What is the remainder when b is divided by 39?
38
Suppose 0 = -2*j + m + 191, 103 = j - 0*m - 2*m. What is the remainder when 617 is divided by j?
59
Let a(p) = p + 26. Let b be a(-23). Suppose -4*x - c = -155, -x - 3*x + 143 = -b*c. What is the remainder when x is divided by 20?
18
Let d be (-22867)/130 - (2 + 57/(-30)). Let l = -101 - d. Calculate the remainder when l is divided by 20.
15
Let u = -220 - -379. Suppose 3*y + 2*d - 4*d = -10, -5*y - 4*d + 20 = 0. Suppose y - 18 = -f. Calculate the remainder when u is divided by f.
15
Let w(l) = l**3 - l**2 - 65*l + 35